lculate the highest common factor of 5359 and m.
23
Let u be (-414)/(-8) - 10/(-40). Let h(c) = -5*c - 7. Let l be h(26). Let z = l + 150. Calculate the highest common divisor of z and u.
13
Let f be (525 - (2 + 5))/2. Calculate the highest common factor of f and 4181.
37
Let d(b) = 145*b - 2. Let m be d(2). Let s be (650/(-6))/((-96)/m). Calculate the greatest common factor of s and 65.
65
Let k be (-1512)/(-432) - 57/(-2). Let r be (-30)/(-1)*16/20. What is the highest common factor of r and k?
8
Let s(a) = 2 + 45*a**2 - 47*a**2 - a**3 + 2*a**3. Let i be s(0). Suppose i*r + 5*z - 78 = -r, -r = 4*z - 19. What is the highest common divisor of r and 155?
31
Let f = -2805 + 2803. Let k(y) be the third derivative of -y**5/60 - y**4/24 + 2*y**3/3 + y**2. Let d be k(f). What is the highest common factor of d and 8?
2
Let h(z) be the second derivative of -49*z**5/20 + z**3/2 + z**2 - 37*z. Let r be h(-1). What is the greatest common divisor of r and 12?
12
Let g(h) = 30*h + 1330. Let r be g(-29). Calculate the highest common divisor of 15 and r.
5
Let o be (2 + -2)/(-16 - -17) - (2 - 1472). What is the greatest common factor of o and 45?
15
Let s = 178 - 133. Suppose 0 = 9*f - 144 - s. What is the highest common factor of 105 and f?
21
Let c(v) = v + 3. Let g be c(0). Suppose -g*t + 528 - 144 = 0. Let i(y) = -4*y + 8. Let l be i(-2). What is the greatest common divisor of l and t?
16
Suppose 35 = 2*w + 29. Suppose 4 = w*c - 14. Suppose -9*x + 834 = -84. What is the highest common divisor of c and x?
6
Suppose 4*m - 6 = m. Suppose -4*r + a = 32 - 114, 0 = r - m*a - 24. Calculate the highest common factor of r and 100.
20
Suppose -4*m + 27 = -7*m. Let q be 2/((12/m)/(-2)). Suppose -4*d - q*d = -525. Calculate the greatest common divisor of d and 30.
15
Let v = 80 - 47. Let d be (6 + 6)*(-6)/((-24)/143). Calculate the highest common divisor of d and v.
33
Suppose 4*j - 78 - 102 = 0. Let w(x) = x**3 + 10*x**2 + 9*x - 3. Let k be w(-6). Let n = k - 78. Calculate the greatest common factor of n and j.
9
Suppose -265 - 128 = -3*t. Let l = t + -51. Suppose -2*n - 2*n + 55 = -5*v, 3*v + 59 = 5*n. What is the highest common divisor of l and n?
10
Suppose -72*r - 202614 = -1074822. Calculate the highest common factor of r and 54.
18
Suppose -39*d + 37*d + 1316 = -5*l, -5*d + l + 3313 = 0. What is the greatest common factor of 51 and d?
51
Let n = -19 + 84. Let i(d) = -2*d**3 + 7*d**2 + d - 7. Let f be i(3). Suppose y = 3*v - 44, -1 + 26 = -f*y. Calculate the greatest common divisor of v and n.
13
Suppose -z = -3*j + 80, 43 = 2*j + 2*z + 3. Suppose 0 = -j*w + 14*w + 3300. What is the greatest common factor of w and 120?
60
Let f be 4/(-42)*-7*(0 + 207). Let i = f - 136. Let b be 1/2 + (-3)/(-2). What is the greatest common divisor of b and i?
2
Suppose -3*n = -0*n. Suppose 3*j - 214 = -n*j + p, -5*j = -5*p - 370. Let k = 33127 + -33117. What is the highest common factor of j and k?
10
Let i = 41 + -41. Let s be 5/(5/(-3)) - -73 - i. Suppose 3*m = 41 + 1. Calculate the greatest common divisor of s and m.
14
Let h(r) = -r**3 + 27*r**2 + 21*r + 392. Let f be h(28). What is the greatest common divisor of 448 and f?
28
Let m be 132 + 3 + 0/(-2). Let i be 470 - (-7)/(28/(-8)). Suppose 3*j - 513 = -i. What is the greatest common divisor of m and j?
15
Let x be 2*(12/18)/((-8)/(-18)). Suppose 3*s = -x*p - 2*p + 25, -5*p + 2*s = -25. Suppose p*y = -3*y + 176. What is the greatest common divisor of y and 44?
22
Suppose 14*i = 12*i + 26. Let y be 1*(-2)/(-2)*(-2 + i). Let l(c) = 20*c + 14. Let d be l(7). What is the greatest common factor of d and y?
11
Suppose 925*b = 928*b - 111. Let o be (-5 - b/(-7)) + (-1396)/(-14). What is the greatest common factor of 550 and o?
50
Let h be -5*(-18)/45 - 4/(-1). Let n be ((-4)/h)/(1/(-228)). What is the greatest common factor of n and 38?
38
Let t be ((-2015)/52 + 39)/(6/(-8) + 1). Calculate the highest common divisor of 81 and t.
1
Let l(n) = -n**3 - n**2 + n + 1073. Let t be l(0). Let a = t + -578. Calculate the greatest common factor of 55 and a.
55
Let o be 22/(-143) + 418/13. Suppose -9*i + 184 = -o. Calculate the highest common factor of i and 312.
24
Let l be 38 - (-2 + 4 + -4). Suppose -42*o + 43*o = 5. Suppose o*y = 156 + 344. What is the highest common divisor of y and l?
20
Let f(a) = -1. Let y(k) = -k + 2. Let v(c) = 5*f(c) + y(c). Let z be v(-6). Let m be (6/10)/(2/10) - 0. Calculate the highest common divisor of m and z.
3
Suppose -1888 - 1917 = -5*x - 5*o, 2282 = 3*x + 2*o. Suppose -5*m - 5*b = -x, 0 = 2*m - 2*b - 151 - 137. Calculate the greatest common divisor of m and 4.
4
Suppose -60 = 264*p - 269*p. Let w be (-4 - 147/(-28))/(3/p). Let g(d) = -2*d - 6. Let l be g(-4). What is the greatest common factor of l and w?
1
Let l(y) = 125*y - 20. Let g be l(4). Let a = -340 + g. Suppose -497 = -6*p - 161. What is the highest common factor of p and a?
28
Let p(m) be the second derivative of m**4/12 + 4*m**3 + 7*m**2 - 5*m + 11. Let n be p(-24). What is the highest common divisor of n and 266?
14
Let r = 674 + -666. Let j be (r - 0/7) + 41. Calculate the highest common factor of j and 7.
7
Let v = 587 + 32. Suppose -17 + v = 7*q. Let r be (-4)/12 - q/(-6). Calculate the highest common divisor of r and 7.
7
Let u(i) be the third derivative of i**4/12 - 5*i**3/3 + 4*i**2 - 10. Let s be u(31). What is the highest common factor of s and 6?
2
Let l(p) = 33*p**2 - 283*p - 3. Let i be l(-9). What is the highest common divisor of 333 and i?
111
Suppose -51*l + 50*l = 5*c - 44437, -3*c - l + 26665 = 0. Calculate the highest common factor of 6 and c.
6
Suppose -2*z + 6*z + 2*y = 294, -z + 81 = 3*y. Let h = 74 - z. Suppose 6*o - 32 = h*o. Calculate the greatest common factor of 20 and o.
4
Let t(r) = 2*r - 6. Let k be t(5). Suppose u = d - 6, 3*d + 3*u = k*d. Let f be (-3)/(-2)*(-64 - -82). Calculate the highest common divisor of f and d.
9
Let a = -47714 + 47728. What is the highest common divisor of 17486 and a?
14
Suppose -73 = 15*b - 147 + 44. What is the highest common factor of b and 242?
2
Let l = -68869 + 68875. Suppose -u + 0 = -3. Suppose 2*c = -3*c - 10, -16 = -u*k + 5*c. Calculate the highest common divisor of l and k.
2
Let w = 48 + -30. Let t be (-2)/w*2 + (-110)/(-90). Let h be (-15)/60 - (t - (-266)/(-8)). Calculate the highest common divisor of h and 16.
16
Suppose -4791 = -15*k - 29*k + 1809. Calculate the greatest common divisor of k and 1550.
50
Let k(u) = -157*u - 16. Let y be k(-3). What is the greatest common factor of 70 and y?
35
Let u = 20624 - 20602. Calculate the highest common factor of 1078 and u.
22
Let y be (-2 - (-105)/63)*-1020. Calculate the highest common divisor of y and 11764.
68
Let m(r) be the third derivative of r**6/120 + r**4/24 - 14*r**3/3 - 20*r**2. Let v be m(0). Let o = 49 + v. What is the greatest common divisor of o and 14?
7
Let m = -5611 - -5612. Suppose 0 = -2*q - t - 3, 0 = t + 5 - 2. Let h be m*(23 - q) - -3. What is the greatest common factor of 52 and h?
26
Let x = -53 - -32. Let v = x - -31. Suppose 15*d + 30 = 21*d. Calculate the greatest common divisor of v and d.
5
Let y(x) = 15 + 0*x + 3*x - 8*x + 61. Let q be y(-28). Let k = -17 + 44. What is the greatest common divisor of q and k?
27
Let h(l) = 7*l + 68. Let k be h(15). Suppose 4*c - k = -41. What is the highest common factor of c and 363?
33
Let d be (-10)/(1/(1*-6)). Let v = -1052 - -1502. Suppose -16*q = 14*q - v. What is the greatest common divisor of d and q?
15
Suppose 0 = -3*q - j + 2, 0 = 3*j - 0*j + 12. Let o be (q - 6*-1)/(-2). Let b be o/10 + 3035/25. Calculate the greatest common divisor of 11 and b.
11
Suppose 1643 = 4*r - 73. Let p(j) = -10*j - 48. Let y be p(-4). Let l(c) = -10*c - 41. Let a be l(y). What is the highest common divisor of a and r?
39
Suppose -2*h + 22 = -4*y, -3*h + 3*y + 11 = -13. Suppose 3*b + h*r - 1425 = -209, 2 = -2*r. Calculate the greatest common factor of 22 and b.
11
Let g be 1 - -5 - (-21 - (2 - -7)). Let z be ((-75)/(-4))/((-3)/(-40)). Let t be z/7 + 4/14. What is the highest common divisor of t and g?
36
Suppose -m = -5*m - 2*y + 34, -m - 3*y + 21 = 0. Calculate the greatest common factor of 5556 and m.
6
Suppose -3*b - 2*b = 0. Suppose 3*l - 21 = -a, l - 9 = 11*a - 12*a. S